{"id":232,"date":"2018-03-07T09:19:58","date_gmt":"2018-03-07T08:19:58","guid":{"rendered":"https:\/\/www.prominoshasselt.be\/Qzw6hRZe9zcjQq8HdQzYenK8tFLU62tq\/?page_id=232"},"modified":"2024-04-10T20:57:35","modified_gmt":"2024-04-10T18:57:35","slug":"archief","status":"publish","type":"page","link":"https:\/\/www.prominoshasselt.be\/?page_id=232","title":{"rendered":"Archief"},"content":{"rendered":"<p><strong>2023-2024<\/strong><br \/>\nPraeses: Julie Houben<br \/>\nVice-praeses: Alicia Crits<br \/>\nAb-actis: Mandy &#8216;Trich\u00e9&#8217; Van Herreweghe<br \/>\nSchachtenmeester: Drit\u00eb &#8216;P\u0101lua&#8217; Morina<br \/>\nSport &amp; ontspanning : Bram &#8216;Prig\u016b&#8217; Segers<\/p>\n<p><strong>2022-2023<\/strong><br \/>\nPraeses: Naomi \u2018Bayeux\u2019 Vandersmissen<br \/>\nVice-praeses: Myrthe &#8216;Kalliope&#8217; De Laat<br \/>\nQuaestor: Julie Houben<br \/>\nSchachtenmeester: Dennis &#8216;Doval&#8217; Vanbrabant<br \/>\nSchachtentemster: Catho Cambr\u00e9<br \/>\nVertor: Myrthe &#8216;Kalliope&#8217; De Laat<br \/>\nMedia: Drit\u00eb &#8216;P\u0101lua&#8217; Morina<br \/>\nSport: Yves Ducomble<br \/>\nOntspanning: Joran Kelgtermans<br \/>\nBacchus &amp; Praetor: Kobe Vanoppen<br \/>\nEduca: Jo\u00eblle &#8216;Chateau&#8217; Remmen<br \/>\nMentor: Kenny \u2018Poesjoep\u2019 Boers<\/p>\n<p><strong>2021-2022<\/strong><br \/>\nPraeses: Kenny \u2018Poesjoep\u2019 Boers<br \/>\nVice-praeses: Naomi \u2018Bayeux\u2019 Vandersmissen<br \/>\nQuantor: Merlijn \u2018Horta\u2019 Cambr\u00e9<br \/>\nAb-actis: Bonnie Smits<br \/>\nSchachtenmeesteres: Yana \u2018Mahlia\u2019 Paulussen<br \/>\nSchachtentemmer: Dennis &#8216;Doval&#8217; Vanbrabant<br \/>\nVertor: Myrthe &#8216;Kalliope&#8217; De Laat<br \/>\nMedia: Laura \u2018Taumii\u2019 Henssen<br \/>\nSport en ontspanning : Jolien \u2018Partout\u2019 Wuyts<br \/>\nBacchus: Yves Ducomble<br \/>\nEduca: Naomi \u2018Bayeux\u2019 Vandersmissen<\/p>\n<p><strong>2020-2021<\/strong><br \/>\nPraeses: Wesley &#8216;Janus&#8217; Vaes<br \/>\nVice-praeses: Merlijn &#8216;Horta&#8217; Cambr\u00e9<br \/>\nQuaestor: Bonnie Smits<br \/>\nAb-actis: Lotte Bourgions<br \/>\nLustrum: Astrid \u2018Manga\u2019 Martens<br \/>\nDux-festi: Kenny &#8216;Poesjoep&#8217; Boers<br \/>\nSchachtenmeester: Celine d\u2019 Oultremont<br \/>\nSchachtentemmer: Dennis &#8216;Doval&#8217; Vanbrabant<br \/>\nVertor: Laura \u2018Taumii\u2019 Henssen<br \/>\nMedia: Yana \u2018Mahlia\u2019 Paulussen<br \/>\nP.R. : Ine &#8216;Njeige&#8217; Witters<br \/>\nBacchus: Robin Sterckx<br \/>\nPraetor: Jolien &#8216;Partout&#8217; Wuyts<br \/>\nEduca: Zo\u00eb Mori\u00ebn<br \/>\nOntspanning: Sybe Rijpstra<br \/>\nSport: Kaat Mentens<\/p>\n<p><strong>2019-2020<\/strong><br \/>\nPraeses: Brent Geurts<br \/>\nVice-praeses: Laura Kempeneers<br \/>\nQuaestor: Wesley &#8216;Janus&#8217; Vaes<br \/>\nAb-actis: Hanna &#8216;Fermu&#8217; Bongaers<br \/>\nSchachtenmeester: Astrid &#8216;Manga&#8217; Martens<br \/>\nSchachtentemmer: Bonnie Smits<br \/>\nVertor: Arne &#8216;Tortuug&#8217; Craeghs<br \/>\nPraetor: Wiktoria Komorowska<br \/>\nBacchus: Kenny &#8216;Poesjoep&#8217; Boers<br \/>\nMedia: Hannah &#8216;Ruebi&#8217; Thieren<br \/>\nSport: Leen Cuypers<br \/>\nOntspanning: Robin Sterckx<br \/>\nEduca: Lindsey Vaes<br \/>\nMentor: Mark &#8216;Papa Beer&#8217; Morhaye<br \/>\nP.R.: Katrijn Paumen<\/p>\n<p><strong>2018-2019<\/strong><br \/>\nPraeses: Astrid &#8216;Manga&#8217; Martens<br \/>\nVice-praeses: Jente &#8216;T\u00eatai&#8217; Gillot<br \/>\nQuaestor: Lindsey Vaes<br \/>\nAb-actis: Laura Kempeneers<br \/>\nSchachtenmeester: Jorge Bosch<br \/>\nSchachtentemmer: Wesley &#8216;Janus&#8217; Vaes<br \/>\nVertor: Jirka Gerlo<br \/>\nPraetor: Hannah &#8216;Ruebi&#8217; Thieren<br \/>\nBacchus: Tibo &#8216;Raszk&#8217; Claes<br \/>\nMedia: Arne &#8216;Tortuug&#8217; Craeghs<br \/>\nSport: Robin Sterckx<br \/>\nOntspanning: Wiktoria Komorowska<br \/>\nEduca: Lisa Schrooten<br \/>\nP.R.: Brent Geurts<\/p>\n<p><strong>2017-2018<\/strong><br \/>\nPraeses: David &#8216;Fjuum&#8217; Ramakers<br \/>\nVice-praeses: Joppe &#8216;Skip&#8217; Vandersmissen<br \/>\nQuaestor: Kevin &#8216;Pantr&#8217; Coremans<br \/>\nAb-actis: Wiktoria Komorowska<br \/>\nSchachtenmeester: Brent Geurts<br \/>\nSchachtentemster: C\u00e9line &#8216;Solit&#8217; Corthaut<br \/>\nVertor: Hannah Thieren<br \/>\nPraetor: Jorge Bosch<br \/>\nBacchus: Astrid &#8216;Manga&#8217; Martens<br \/>\nMedia: Toon Miermans<br \/>\nSport &amp; ontspanning: Stephanie &#8216;Rouch\u00e9r&#8217; Bergmans<\/p>\n<p><strong>2016-2017<\/strong><br \/>\nPraeses: Michiel &#8216;Alfalpha&#8217; Evers<br \/>\nVice-praeses: Marly Moors<br \/>\nQuaestor: Kimberly Thiels<br \/>\nAb-actis: Lotte Vermeulen<br \/>\nSchachtenmeester: Madicken Lobbestael<br \/>\nSchachtentemmer: Pieter &#8216;Breydel&#8217; Gythiel<br \/>\nVertor: Astrid &#8216;Manga&#8217; Martens<br \/>\nPraetor: Toon Miermans<br \/>\nBacchus: Kristof &#8216;Knaal&#8217; Vandewaerde<br \/>\nMedia: Yannis &#8216;Woody&#8217; de Cuyper<br \/>\nSport: Nick &#8216;Ketsj&#8217; Brees<br \/>\nOntspanning: Dorian &#8216;Gaiser&#8217; &#8216;t Jaeckx<br \/>\nP.R.: Audry &#8216;Fritch&#8217; Klompers<br \/>\nCantor: Jordy &#8216;Bintje&#8217; Lindelauf<\/p>\n<p><strong>2015-2016<\/strong><br \/>\nPraeses: Ruben Cox<br \/>\nVice-praeses: Jordy &#8216;Bintje&#8217; Lindelauf<br \/>\nQuaestor: Madicken Lobbestael<br \/>\nAb-actis: Marly Moors<br \/>\nSchachtenmeesteres: Elies &#8216;H\u00e9jz&#8217; Keustermans<br \/>\nSchachtentemmer: Lieven Detilloux<br \/>\nVertor: Lisa Gebbert<br \/>\nPraetor: Dries Werckx<br \/>\nBacchus: Kristof &#8216;Knaal&#8217; Vandewaerde<br \/>\nMedia: Kevin Frank<br \/>\nSport: Lotte Vermeulen<br \/>\nOntspanning: Michiel &#8216;Lowki&#8217; Peeters<br \/>\nP.R.: Astrid &#8216;Manga&#8217; Martens<br \/>\nCantor: Bert &#8216;Canvas&#8217; Hofmans<br \/>\nLustrum: Yannis &#8216;Woody&#8217; de Cuyper<br \/>\nDux Festi: Toon Miermans<\/p>\n<p><strong>2014-2015<\/strong><br \/>\nPraeses: Bert Hofmans<br \/>\nVice-praeses: Jenna Robert<br \/>\nQuaestor: Yannis de Cuyper<br \/>\nAb-actis: Ruben Cox<br \/>\nSchachtenmeester: Sibren &#8216;Swattoo&#8217; Custers<br \/>\nSchachtentemmer: Mike &#8216;Onslow&#8217; Staes<br \/>\nVertor: Lieven Detilloux<br \/>\nScriptor: Joyce Thoelen<br \/>\nBacchus: Kevin Frank<br \/>\nMedia: Stijn Scheeperes<br \/>\nSport: Niels &#8216;Boomi&#8217; Poncelet<br \/>\nOntspanning: Maxime Renard<br \/>\nP.R.: Marly Moors<\/p>\n","protected":false},"excerpt":{"rendered":"<p>2023-2024 Praeses: Julie Houben Vice-praeses: Alicia Crits Ab-actis: Mandy &#8216;Trich\u00e9&#8217; Van Herreweghe Schachtenmeester: Drit\u00eb &#8216;P\u0101lua&#8217; Morina Sport &amp; ontspanning : Bram &#8216;Prig\u016b&#8217; Segers 2022-2023 Praeses: Naomi \u2018Bayeux\u2019 Vandersmissen Vice-praeses: Myrthe [&hellip;]<\/p>\n","protected":false},"author":13,"featured_media":0,"parent":0,"menu_order":0,"comment_status":"closed","ping_status":"closed","template":"","meta":{"footnotes":""},"class_list":["post-232","page","type-page","status-publish","hentry"],"_links":{"self":[{"href":"https:\/\/www.prominoshasselt.be\/index.php?rest_route=\/wp\/v2\/pages\/232"}],"collection":[{"href":"https:\/\/www.prominoshasselt.be\/index.php?rest_route=\/wp\/v2\/pages"}],"about":[{"href":"https:\/\/www.prominoshasselt.be\/index.php?rest_route=\/wp\/v2\/types\/page"}],"author":[{"embeddable":true,"href":"https:\/\/www.prominoshasselt.be\/index.php?rest_route=\/wp\/v2\/users\/13"}],"replies":[{"embeddable":true,"href":"https:\/\/www.prominoshasselt.be\/index.php?rest_route=%2Fwp%2Fv2%2Fcomments&post=232"}],"version-history":[{"count":17,"href":"https:\/\/www.prominoshasselt.be\/index.php?rest_route=\/wp\/v2\/pages\/232\/revisions"}],"predecessor-version":[{"id":2546,"href":"https:\/\/www.prominoshasselt.be\/index.php?rest_route=\/wp\/v2\/pages\/232\/revisions\/2546"}],"wp:attachment":[{"href":"https:\/\/www.prominoshasselt.be\/index.php?rest_route=%2Fwp%2Fv2%2Fmedia&parent=232"}],"curies":[{"name":"wp","href":"https:\/\/api.w.org\/{rel}","templated":true}]}}